 prime factors of 1639?
11, 149
What are the prime factors of 5640?
2, 3, 5, 47
What are the prime factors of 1584?
2, 3, 11
List the prime factors of 10513.
10513
What are the prime factors of 888?
2, 3, 37
List the prime factors of 3954.
2, 3, 659
What are the prime factors of 21372?
2, 3, 13, 137
What are the prime factors of 3569?
43, 83
List the prime factors of 19868.
2, 4967
What are the prime factors of 5553?
3, 617
What are the prime factors of 249?
3, 83
What are the prime factors of 409?
409
List the prime factors of 1382.
2, 691
List the prime factors of 3640.
2, 5, 7, 13
List the prime factors of 319.
11, 29
List the prime factors of 45939.
3, 15313
What are the prime factors of 105393?
3, 19, 43
List the prime factors of 7969.
13, 613
What are the prime factors of 5859?
3, 7, 31
What are the prime factors of 27970?
2, 5, 2797
What are the prime factors of 71937?
3, 7993
List the prime factors of 45626.
2, 7, 3259
What are the prime factors of 13868?
2, 3467
What are the prime factors of 6825?
3, 5, 7, 13
List the prime factors of 1419.
3, 11, 43
What are the prime factors of 3187?
3187
List the prime factors of 16228.
2, 4057
List the prime factors of 2603.
19, 137
List the prime factors of 7944.
2, 3, 331
What are the prime factors of 343?
7
What are the prime factors of 10797?
3, 59, 61
What are the prime factors of 678?
2, 3, 113
List the prime factors of 1323.
3, 7
List the prime factors of 185.
5, 37
List the prime factors of 650.
2, 5, 13
List the prime factors of 4277.
7, 13, 47
List the prime factors of 49574.
2, 7, 3541
What are the prime factors of 1025?
5, 41
List the prime factors of 9263.
59, 157
What are the prime factors of 1074?
2, 3, 179
List the prime factors of 89298.
2, 3, 11, 41
List the prime factors of 32656.
2, 13, 157
List the prime factors of 1966.
2, 983
List the prime factors of 233.
233
What are the prime factors of 2215?
5, 443
List the prime factors of 8348.
2, 2087
What are the prime factors of 1795?
5, 359
List the prime factors of 7002.
2, 3, 389
What are the prime factors of 727?
727
List the prime factors of 1307.
1307
List the prime factors of 56924.
2, 7, 19, 107
List the prime factors of 26073.
3, 2897
What are the prime factors of 3644?
2, 911
What are the prime factors of 2101?
11, 191
What are the prime factors of 75?
3, 5
List the prime factors of 6941.
11, 631
What are the prime factors of 2610?
2, 3, 5, 29
What are the prime factors of 2676?
2, 3, 223
What are the prime factors of 5211?
3, 193
List the prime factors of 72452.
2, 59, 307
List the prime factors of 116923.
116923
List the prime factors of 1222.
2, 13, 47
List the prime factors of 20056.
2, 23, 109
List the prime factors of 7674.
2, 3, 1279
What are the prime factors of 1024?
2
List the prime factors of 12781.
12781
List the prime factors of 351.
3, 13
What are the prime factors of 1652?
2, 7, 59
What are the prime factors of 12444?
2, 3, 17, 61
What are the prime factors of 2764?
2, 691
List the prime factors of 23208.
2, 3, 967
List the prime factors of 873.
3, 97
List the prime factors of 4793.
4793
List the prime factors of 14041.
19, 739
What are the prime factors of 7861?
7, 1123
List the prime factors of 18317.
13, 1409
List the prime factors of 1799.
7, 257
List the prime factors of 45263.
45263
List the prime factors of 8257.
23, 359
List the prime factors of 13944.
2, 3, 7, 83
What are the prime factors of 151?
151
What are the prime factors of 4750?
2, 5, 19
What are the prime factors of 2372?
2, 593
What are the prime factors of 31615?
5, 6323
What are the prime factors of 3158?
2, 1579
What are the prime factors of 13130?
2, 5, 13, 101
List the prime factors of 17553.
3, 5851
List the prime factors of 754.
2, 13, 29
List the prime factors of 943.
23, 41
List the prime factors of 1529.
11, 139
What are the prime factors of 9169?
53, 173
What are the prime factors of 148591?
139, 1069
What are the prime factors of 1092?
2, 3, 7, 13
List the prime factors of 3974.
2, 1987
What are the prime factors of 104932?
2, 37, 709
List the prime factors of 4027.
4027
What are the prime factors of 4914?
2, 3, 7, 13
What are the prime factors of 4477?
11, 37
List the prime factors of 15929.
17, 937
What are the prime factors of 1078?
2, 7, 11
List the prime factors of 7751.
23, 337
What are the prime factors of 38404?
2, 9601
What are the prime factors of 17713?
17713
What are the prime factors of 21345?
3, 5, 1423
What are the prime factors of 740?
2, 5, 37
List the prime factors of 941.
941
What are the prime factors of 24809?
24809
What are the prime factors of 7823?
7823
What are the prime factors of 15115?
5, 3023
List the prime factors of 3561.
3, 1187
List the prime factors of 2564.
2, 641
List the prime factors of 2140.
2, 5, 107
What are the prime factors of 4860?
2, 3, 5
List the prime factors of 34183.
34183
List the prime factors of 9384.
2, 3, 17, 23
List the prime factors of 27579.
3, 29, 317
What are the prime factors of 52?
2, 13
What are the prime factors of 13904?
2, 11, 79
List the prime factors of 4885.
5, 977
List the prime factors of 1477.
7, 211
What are the prime factors of 2195?
5, 439
List the prime factors of 747.
3, 83
What are the prime factors of 4153?
4153
List the prime factors of 3188.
2, 797
List the prime factors of 54188.
2, 19, 23, 31
What are the prime factors of 23636?
2, 19, 311
List the prime factors of 517.
11, 47
What are the prime factors of 751?
751
What are the prime factors of 49?
7
What are the prime factors of 2911?
41, 71
List the prime factors of 2843.
2843
What are the prime factors of 25439?
25439
What are the prime factors of 1344?
2, 3, 7
List the prime factors of 876.
2, 3, 73
List the prime factors of 678.
2, 3, 113
What are the prime factors of 1003?
17, 59
List the prime factors of 5968.
2, 373
List the prime factors of 6640.
2, 5, 83
List the prime factors of 1473.
3, 491
List the prime factors of 1680.
2, 3, 5, 7
What are the prime factors of 3902?
2, 1951
What are the prime factors of 7067?
37, 191
List the prime factors of 8983.
13, 691
List the prime factors of 7639.
7639
What are the prime factors of 589?
19, 31
What are the prime factors of 4807?
11, 19, 23
List the prime factors of 13861.
83, 167
List the prime factors of 13045.
5, 2609
What are the prime factors of 304?
2, 19
List the prime factors of 512.
2
List the prime factors of 79632.
2, 3, 7, 79
List the prime factors of 32913.
3, 23, 53
List the prime factors of 191109.
3, 63703
What are the prime factors of 22243?
13, 29, 59
What are the prime factors of 15957?
3, 197
What are the prime factors of 570?
2, 3, 5, 19
List the prime factors of 10188.
2, 3, 283
List the prime factors of 9960.
2, 3, 5, 83
List the prime factors of 82343.
67, 1229
What are the prime factors of 53003?
53003
List the prime factors of 17753.
41, 433
What are the prime factors of 26088?
2, 3, 1087
List the prime factors of 5999.
7, 857
What are the prime factors of 4114?
2, 11, 17
List the prime factors of 2865.
3, 5, 191
What are the prime factors of 10823?
79, 137
List the prime factors of 73502.
2, 11, 13, 257
What are the prime factors of 67887?
3, 19, 397
List the prime factors of 35898.
2, 3, 31, 193
What are the prime factors of 64947?
3, 21649
What are the prime factors of 2248?
2, 281
List the prime factors of 2313.
3, 257
What are the prime factors of 2485?
5, 7, 71
List the prime factors of 1761.
3, 587
List the prime factors of 118156.
2, 109, 271
What are the prime factors of 2980?
2, 5, 149
List the prime factors of 1360.
2, 5, 17
List the prime factors of 2562.
2, 3, 7, 61
List the prime factors of 4235.
5, 7, 11
List the prime factors of 3924.
2, 3, 109
List the prime factors of 2980.
2, 5, 149
What are the prime factors of 15647?
15647
List the prime factors of 5148.
2, 3, 11, 13
List the prime factors of 11951.
17, 19, 37
List the prime factors of 589.
19, 31
What are the prime factors of 213?
3, 71
List the prime factors of 15686.
2, 11, 23, 31
List the prime factors of 2751.
3, 7, 131
What are the prime factors of 94?
2, 47
What are the prime factors of 935?
5, 11, 17
What are the prime factors of 1236?
2, 3, 103
What are the prime factors of 6386?
2, 31, 103
What are the prime factors of 991?
991
List 